)/(-10))?
2, 23
Let j(b) be the first derivative of 172*b**3/3 + 3*b**2 - 11*b + 15. List the prime factors of j(2).
13, 53
Let g be (-1 - 3)/(((-7)/(-1))/(-7)). Suppose -4*i = 5*u - 3018 + 17, g*u - 4*i = 2372. List the prime factors of u.
3, 199
Let q be (-5)/(-30) - (-82)/12. Suppose 0 = -13*d + q*d - 18. List the prime factors of 2/6 - 641/d.
2, 107
Let n = -27 + 66. Suppose n + 111 = 2*l. List the prime factors of l.
3, 5
Suppose -2*n - 792 = -4*v + 2*v, 0 = 3*n - v + 1186. What are the prime factors of -2*4/(40/n)?
79
Let x = -20097 - -38615. List the prime factors of x.
2, 47, 197
Suppose -a = 3*w - 31360, w + 1436 - 11881 = -2*a. What are the prime factors of w?
3, 5, 17, 41
Suppose -6*a = 2*p + 2*p + 4, -3*p = 5*a + 5. List the prime factors of 1 - -1180 - (8 + a + 1).
2, 3, 7
Suppose 24*y - 333166 = -30742. What are the prime factors of y?
12601
Let i(v) = -617*v - 1316. List the prime factors of i(-6).
2, 1193
Suppose -3*y + 0 = -4*x + 2, 2*x = 4*y - 4. Suppose -5*z + l = 43, 6*l = 2*z + x*l + 28. List the prime factors of 552/32 - (-10)/z.
2
Let l = 206 + -127. Suppose -5*c + 48*z = 47*z - 12, -4*z + 12 = 0. Suppose -l + 706 = c*p. List the prime factors of p.
11, 19
Suppose 51*f = 53*f + p - 8801, -13200 = -3*f - 3*p. What are the prime factors of f?
3, 163
Let p(m) = 4*m**2 + 2*m + 16. Suppose 3*b + 37 = -5*z - 13, -5*b - 58 = 2*z. Let h be p(b). Suppose h = -w + 7*w. What are the prime factors of w?
2, 3, 11
Let j(w) be the second derivative of w**4/12 + 17*w**3/6 - 6*w**2 + 18*w. Let h(u) be the first derivative of j(u). List the prime factors of h(-4).
3
Suppose -t - m = -3*m - 16, -5*t + 5*m = -70. Let h(b) be the first derivative of 3*b**2 + 17*b + 133. What are the prime factors of h(t)?
89
Let m(a) = a**3 + 2*a**2 - 10*a - 13. Let f be m(8). Suppose -j + f = 3*w - 0*w, -3*j = -3*w - 1677. List the prime factors of j.
2, 139
Let r be 2*(-10 + (-20)/(-5)). Let v be (r/15)/((-12)/30). Let j(t) = 3*t**2 + 3*t - 2. List the prime factors of j(v).
2
Let g = -388 - -437. What are the prime factors of 2*(-11493)/(-42) + (-14)/g?
547
Let l = -654 - -663. Let g = -10 - -14. Suppose g*o - 361 = -l. What are the prime factors of o?
2, 11
List the prime factors of ((-15)/4)/(60/(-128880)).
3, 5, 179
Suppose 0 = -3*p - 405 + 441. What are the prime factors of p/(-21) + (-10880)/(-28)?
2, 97
Suppose -5*z - 20 = 0, -24*u + 19*u = 3*z - 263. Suppose 0 = -54*x + u*x - 1169. What are the prime factors of x?
7, 167
What are the prime factors of ((-4)/((-5)/(35/(-21))))/(14/(-137739))?
2, 7, 937
Let i(d) = -d**2. Let f(r) = -3*r**2 + r + 1. Suppose 0 = -4*s + 15*s - 22. Let c(j) = s*f(j) - 9*i(j). List the prime factors of c(-5).
67
Let w(z) = -9694*z + 19. Let c be w(1). What are the prime factors of (-1)/(-3*(-3)/c)?
5, 43
Let q(k) = -4*k - 16. Let w be q(-3). Let h be (10/25)/(4/20). List the prime factors of w*34/(-3) - h/(-3).
2, 23
Let c = 274 + -234. Let v = c + 131. What are the prime factors of v?
3, 19
Let b(x) = -7*x**3 + 15*x**2 - 23*x + 198. List the prime factors of b(-10).
2, 3, 31
Let a = -198 + 202. Suppose 615 = 5*d - 3*l, -452 - 40 = -a*d - 4*l. What are the prime factors of d?
3, 41
Suppose -175 = -4*s - 3*s. Suppose 250 = -s*x + 20*x. What are the prime factors of -346*(-5)/x*-5?
173
Let q = 5 - 37. Let r = q - -38. List the prime factors of (568/24)/((4/r)/2).
71
Suppose -3 - 12 = -3*x. Suppose -3*h + 0*n + 381 = 2*n, 0 = -x*n. What are the prime factors of h?
127
Let z = -24 + 23. Let n be (z - -151) + (6 - 20/5). Suppose -v + 3*v - n = 0. What are the prime factors of v?
2, 19
Let r(v) = v**2 + 7*v - 3. Let i be r(-8). Suppose -5*k - 5*o = -1855, 2*k - 52 - 718 = i*o. What are the prime factors of k?
3, 5
Suppose 2*d - 36851 = 3*h, -5*h + h + 2*d = 49136. What are the prime factors of (h/(-4))/3 - (-935)/748?
5, 41
Let t(m) = -m - 6. Let b(g) = 3*g + 13. Let v(j) = 2*b(j) + 5*t(j). Let z be v(7). Suppose 19 = -z*r + 2*n + 57, -r - 3*n = -9. List the prime factors of r.
2, 3
Let g be 3420*(6/12 - 0). Let q = -1047 + g. List the prime factors of q.
3, 13, 17
Let x = 66 + -63. Let c = x + 0. Suppose -c*j + 53 = 8. List the prime factors of j.
3, 5
Let l = -16055 - -76843. List the prime factors of l.
2, 7, 13, 167
List the prime factors of 39/(1755/334998) - (-1)/(10/(-4)).
2, 1861
Let x = -58 + 60. Suppose p + 839 = x*k, 3248 = 5*k + 2*p + 1146. Suppose k = 5*w + 45. What are the prime factors of w?
3, 5
Let m = -1 - -7. Suppose -m*n = -10*n + 656. Suppose -4*f = 5*a - 804, -a = 11*f - 7*f - n. What are the prime factors of a?
2, 5
Let b(o) be the second derivative of o**5/12 - o**4/24 + 3*o**3 - 4*o**2 + 6*o. Let t(v) be the first derivative of b(v). What are the prime factors of t(5)?
2, 3, 23
Suppose 154*l = 970445 + 6385569 + 974000. What are the prime factors of l?
54091
Suppose -71*u + 694942 + 746429 = 0. List the prime factors of u.
3, 67, 101
What are the prime factors of 2*(-3 + 4 - 6) - -35478?
2, 8867
Let i(g) be the first derivative of 7*g**2/2 - 45*g - 27. Let a be i(7). Suppose 355 = 5*n + 5*s, -a*s = -3*s - 4. List the prime factors of n.
67
Suppose 0 = j - 176 - 118. Let l = j - -83. List the prime factors of l.
13, 29
Let c(t) = -t**2 - 3*t + 4. Let a be c(-3). Let s be ((-2)/(-3) - 0)*(-42)/(-28). What are the prime factors of (a/(-3))/(s/(-84))?
2, 7
Let a = 384 + -272. Let r = a - 86. What are the prime factors of r?
2, 13
Let x be 4 - (-4)/12*-543. Let h = x - -109. List the prime factors of (h - -2)/(5/(-10)).
2, 3, 11
Let t(n) = n**3 - 3*n**2 + n + 21. Let k be (-12)/(5 + -6 + -1). List the prime factors of t(k).
3, 5
Let y(d) = 13*d**2 + 114*d - 2963. What are the prime factors of y(51)?
2, 4583
Let p = -6725 + 12928. What are the prime factors of p?
6203
Suppose -87*a + 175195 = -105032. What are the prime factors of a?
3221
Let v(s) be the first derivative of 5*s**3/3 + 2*s**2 - 5*s + 11. Let h be v(2). Suppose 4*f + h = -4*i + 91, 17 = i + 2*f. What are the prime factors of i?
17
Let i(m) = 12*m**2 - 3*m + 7. Let g be i(5). Let w = 637 - g. List the prime factors of w.
3, 5, 23
Let n(z) = -17*z**3 + 17*z**2 - 94*z - 973. What are the prime factors of n(-14)?
7, 13, 79
Suppose 96944 = 6169*c - 6153*c. List the prime factors of c.
73, 83
Let i(p) be the third derivative of -p**6/120 - 3*p**5/20 - 5*p**4/8 + 23*p**3/3 - 2*p**2 + 97. List the prime factors of i(-13).
7, 131
Suppose -3010 + 59889 = 23*x. List the prime factors of x.
2473
Let l(n) = -461*n - 14. Let s be l(2). Let y = -446 - s. What are the prime factors of y?
2, 5, 7
Let c(b) be the third derivative of b**6/120 - b**5/12 - 11*b**4/24 + 29*b**3/6 + b**2 + 66*b. What are the prime factors of c(11)?
2, 317
Suppose -n - n = 3*t - 53, 15 = 5*t. Let p = n + -23. List the prime factors of p*10*-6 + 2.
2, 31
Let k = 13798 - 7961. What are the prime factors of k?
13, 449
Suppose -5*n - 47 = -o, 2*o - 46 = -2*n - 0. List the prime factors of o/135 + (-2878)/(-10).
2, 3
Let x(u) = -3*u**3 + 15*u**2 - 6*u - 21. Let o(r) = -4*r**3 + 23*r**2 - 8*r - 32. Let w(v) = -5*o(v) + 7*x(v). List the prime factors of w(-12).
5, 13
Suppose 0 = 5*d - 2*i - 41, 2*i - 7 = -3. Suppose d*o - 233 - 226 = 0. What are the prime factors of o?
3, 17
Let r be -2*(2 - 0) + 200/2. Let c = -89 + r. List the prime factors of c.
7
Let r(n) = -3 - 4*n + n**2 - 8*n + 2*n + 11*n. Let u be r(2). Suppose -u*q + 226 = 1. What are the prime factors of q?
3, 5
Suppose -5*k - 3 = 2, 4*o - 25 = k. Suppose 5*b + 5*p = 2865, b - o*b = p - 2845. What are the prime factors of b?
2, 71
Suppose -5*v = 3*a - 33563, a - 3*v - 5916 - 5281 = 0. What are the prime factors of a?
19, 31
Let j = -15499 + 25317. What are the prime factors of j?
2, 4909
Let d(q) = 169*q + 641. What are the prime factors of d(17)?
2, 7, 251
Let z be 40/(-36)*(21 - 30). Suppose -989 = -2*g + 3*i, -1954 = 6*g - z*g - 2*i. What are the prime factors of g?
2, 5, 7
Suppose 0 = 2*d + k - 79084, -118631 = -522*d + 519*d + k. List the prime factors of d.
3, 7, 269
Let z(x) = -13*x**2 - 63*x + 20. Let l be z(9). Let h = 2458 + l. What are the prime factors of h?
2, 3, 11, 13
Let n = -54 - -56. Suppose n - 11 = -3*p, -v + 3*p = -99. Suppose v = 3*d + 3*o, -3*d + 2*d = -5*o - 30. What are the prime factors of d?
5, 7
Let 